e first derivative of 4*c**3/3 + 9*c**2 - 91*c + 68. What is the tens digit of x(5)?
9
Let x be (-42)/(-3) + 30/6*-1. Let f(w) = 43*w**2 + w - 1. Let k be f(5). Suppose -4*s - x*s = -k. What is the units digit of s?
3
What is the tens digit of 29751/4 + -1 - (-3702)/(-4936)?
3
Let d(u) = -3*u**3 - 17*u**2 + 34*u + 20. What is the thousands digit of d(-13)?
3
Suppose 0 = -5*h - 4*w - 2, 8*h - 14 = 11*h - 4*w. Let z(r) = 205*r**2 + 35*r + 74. What is the tens digit of z(h)?
2
Suppose -5*x + 5*h + 4734 = -11191, -h - 12752 = -4*x. What is the thousands digit of x?
3
Suppose -37*b = -43*b - 1866. Let y = 523 + b. What is the tens digit of y?
1
Suppose 2*m + 7 = 5*l, 4*m + 23 = -2*l + 3*l. What is the hundreds digit of m*(-7)/(84/1756)?
8
Let d(j) = 4*j**3 + 2*j - 211. Let a(w) = -7*w**3 - 4*w + 421. Let q(o) = 3*a(o) + 5*d(o). Let b be q(0). Suppose 218 = 6*z - b. What is the tens digit of z?
7
Let v = 58 + -22. Suppose 0 = -5*m + 219 + v. What is the tens digit of m?
5
Suppose x - 4*j = j + 3, -5*j = 0. Suppose -3*k - 3*t = -5*k + 1031, -3*t = x*k - 1509. What is the hundreds digit of k?
5
Suppose -26*c + 162411 = -16547. What is the tens digit of c?
8
Let l(v) = -2*v**3 - 17*v**2 - 16*v - 14. Let d = -194 + 183. What is the hundreds digit of l(d)?
7
Suppose 0 = 21*p - 44848 - 75167. What is the units digit of p?
5
Let u(g) = -9*g + 1868. What is the hundreds digit of u(79)?
1
Let q = 6278 - -4396. What is the hundreds digit of q?
6
Suppose -3 = 3*j - 4*j. Let v be 3/(28/(-21) - (-3)/2). Suppose -j*d = -2*d - v. What is the units digit of d?
8
Suppose -10*h - 93 = -343. Suppose 6*j = h*j - 6023. What is the units digit of j?
7
Let w(l) = l**2 - 12*l - 38. Let u be w(-18). Let g = u + -256. Suppose 0 = -2*k + 4*o + g, o - 286 = -5*k + 340. What is the units digit of k?
5
Suppose 4*g + 70314 = 3*s - 7020, 0 = 5*g - 45. What is the units digit of s?
0
Let x be 4/(-16)*-4*13. Suppose x - 21 = -2*c. Suppose 5*o - c*o = 3*n + 91, -324 = -4*o + 2*n. What is the units digit of o?
9
Suppose -4*s + 873 = -4618 - 2697. What is the hundreds digit of s?
0
Let z = -171 + 201. Suppose 13901 = z*g - 3859. What is the units digit of g?
2
Let d = -51 + 64. Suppose d*r = 10*r - 1044. Let a = -180 - r. What is the hundreds digit of a?
1
Let p(r) = 1116*r + 2159. What is the units digit of p(10)?
9
Let q = 171 + -162. Suppose -21 = -2*k - q. What is the units digit of k?
6
Suppose -4*v + 4*w - 4728 = -0*v, -3545 = 3*v - 2*w. Let q = v - -2019. What is the hundreds digit of q?
8
What is the thousands digit of 90120/48*420/125*5/2?
5
Suppose 183*w - 2692186 = 5908997. What is the units digit of w?
1
Suppose -p + 15786 = k, 6*p - 37132 = 2*k + 57592. What is the thousands digit of p?
5
Let l(v) = -91*v - 46. Let u be 9/(-5 - (-5 + 1)) - -5. What is the tens digit of l(u)?
1
Suppose 2785 - 10038 = -l. What is the tens digit of l?
5
What is the ten thousands digit of ((-12)/2 - (-43)/((-129)/(-18))) + 10321?
1
Suppose 9*t - 232 = 5*t. Let i be t + 1*(1 + 1). Let w = 51 + i. What is the units digit of w?
1
Let r = 105 - 115. Let j(n) = -3*n + 0*n + 2 + 21*n**2 - 20*n**2 - 8. What is the hundreds digit of j(r)?
1
Let n be 2674910/477 - 4/(-18). What is the hundreds digit of -3*(-16)/12*n/32?
7
Let a(k) = -k**3 - 13*k**2 + 12*k + 27. Let y be a(-12). Let m = y - -479. What is the hundreds digit of m?
2
Let x = 37 - 37. Suppose -9*y + 11*y - 18 = x. What is the units digit of (-139)/(-4) - y/12?
4
Let m = 536 + -503. Suppose 17936 = m*d - 15163. What is the tens digit of d?
0
Let l(h) be the third derivative of 11*h**4/4 - 13*h**3/6 - h**2 - 4*h. What is the tens digit of l(5)?
1
Suppose 13*w - 7799 = 8711. What is the thousands digit of w?
1
Let q(u) = 109*u**3 + 3*u**2 - 37*u + 44. What is the thousands digit of q(5)?
3
Suppose -3*v = -1480 - 533. Let m(w) = w**3 - 13*w**2 - 8*w - 43. Let x be m(7). Let y = x + v. What is the tens digit of y?
7
Let j(w) = -1015*w - 24. Let n be j(-7). Suppose -29*m = -9275 - n. What is the units digit of m?
4
Let h(q) = -q**2 + 10*q - 21. Let t be h(6). Suppose -o + t*y + 12 = -28, 3*o - 133 = -4*y. What is the units digit of o?
3
What is the units digit of (-17 - 1561/(-28))*732?
5
Let h(n) = 0 + 127*n + 27*n - 9. Let m be h(-2). Let c = m - -478. What is the units digit of c?
1
Suppose 4*v = -2*g + 11202, 0 = 5*g + 3*v - 11887 - 16118. What is the units digit of g?
1
Let z be 15/(-10)*8/3 - 69. Let s = 67 + z. What is the tens digit of ((-2919)/28*-1)/(s/(-16))?
7
Let r be 3 - 2/4*-4. Suppose 4*w - 28 = -s, -s - r*w - 1 + 34 = 0. What is the units digit of (1 + 0)*536/s?
7
Let i(z) = -z**3 + 10*z**2 + z - 22. Let x be i(10). What is the units digit of x/48 - 57/(-4)?
4
Let q(b) = 67*b + 2519. What is the hundreds digit of q(46)?
6
Suppose 0 = 12*x - 3*x - 36. Suppose -4*o = -5*o + x. Suppose -992 + 204 = -o*p. What is the tens digit of p?
9
Let s = 15482 + -8624. What is the hundreds digit of s?
8
Suppose 3*x = 4*f + 17, x = -x + 3*f + 12. Suppose x*n = -n + 824. Suppose -5*a + a + 5*v + 424 = 0, n = 2*a - v. What is the hundreds digit of a?
1
Let n(q) = 10975*q**2 - 47*q + 102. What is the thousands digit of n(2)?
3
Let i(y) = 3*y - 8. Let a be i(22). Suppose -p = -a - 261. What is the hundreds digit of p?
3
Let u be 2/10 - (2/10 - 2). Suppose u*k + k + 2 = -4*o, 12 = 2*k - 4*o. What is the hundreds digit of (-226 - k)*(-1)/2?
1
Let v = -92 - -95. Suppose -724 = -2*n + v*d, 0 = -4*n - 2*d - d + 1412. What is the hundreds digit of n?
3
Let i = -9493 + 28397. What is the units digit of i?
4
Let h be (-4)/(8 - (-6324)/(-790)). Let q = h - -397. What is the tens digit of q?
8
Let j = 739 - 341. Let c = -33 + j. What is the tens digit of c?
6
Suppose 0*k - 8*k - 80 = 0. Let l = k + 112. Suppose 13*p = 12*p + l. What is the tens digit of p?
0
Suppose 5*c + 4*x = x + 22620, -5*c = 5*x - 22620. Suppose 0 = -i - 25*i + c. What is the hundreds digit of i?
1
Let o = -60 - -65. Suppose -3*g - 5*d = -894, -924 = -3*g - 0*g + o*d. What is the tens digit of g?
0
Suppose 976992 = 137*k - 1985770. What is the hundreds digit of k?
6
Suppose 2*y + 4*u = 38, -4*u = 8*y - 7*y - 29. Suppose 0 = -y*g + 15*g - 2118. What is the tens digit of g?
5
Let j(w) = 4*w**2 - 30*w + 86. Let r be j(3). Suppose 37*z - r*z - 3545 = 0. What is the hundreds digit of z?
7
Suppose 155*a + 1461 = 152*a. Let f = -471 - a. What is the tens digit of f?
1
Let z(q) = 1079*q - 320. What is the units digit of z(4)?
6
Let n(p) be the third derivative of p**6/30 - p**5/10 + p**4/8 - 4*p**2. What is the units digit of n(2)?
4
Let i(w) = w - 2. Let u be i(8). Suppose 0 = -u*t + 9*t. What is the tens digit of (t - 1 - 2)*(-469)/21?
6
Let b = 2 - 406. Let p = -204 - b. What is the units digit of p?
0
What is the hundreds digit of (-2034)/(24/540*-9)?
0
Let h = 6996 - 3862. What is the thousands digit of h?
3
Let v(a) = -a**2 + 23*a + 133. Let r be v(21). Let l = r + 837. What is the hundreds digit of l?
0
Let f = -6527 + 7094. What is the units digit of f?
7
Suppose 0 = -g + 2*p - 1329, -5951 - 687 = 5*g - 3*p. Let z = g + 1927. Suppose 0 = 5*t - 8*t + z. What is the hundreds digit of t?
2
Suppose 91*s - 5551416 = -221*s. What is the units digit of s?
3
Let l = 34 - 37. Let h be 1*l*(-89 - (7 - 8)). Let o = h + -186. What is the tens digit of o?
7
Suppose 3*x = -5*h + 103570, 106*x - 2*h + 138070 = 110*x. What is the ten thousands digit of x?
3
Let i(m) = -m**3 + 41*m**2 + 45*m - 123. Let p be i(42). Suppose 7*x + u = 3*x + 626, 473 = p*x - u. What is the units digit of x?
7
Let p be (-5)/1 - (-3 - (-1 + 1)). Let u(s) = -218*s - 1. What is the tens digit of u(p)?
3
Let m(x) = -13*x**3 + 6*x**2 + 11*x - 10. Let i(a) = -20*a**3 + 9*a**2 + 16*a - 15. Let f(z) = 5*i(z) - 7*m(z). What is the units digit of f(-2)?
3
What is the tens digit of 94257/5 + (2/(-6) - 10/150)?
5
Let m(o) = -o**3 - 27*o**2 - 12*o + 84. Let y be m(-26). Let i = y - -410. What is the units digit of i?
0
Suppose 40*m - 159086 - 56267 = 182287. What is the thousands digit of m?
9
Let k be 1 + (-9)/12 - (-933)/12. Let x be (k/(-4) + -3)*(-84)/10. Let n = x - 112. What is the units digit of n?
7
Suppose 0 = d + 3*m - 1085, 0 = -4*d + 5*m + 4282 + 41. What is the thousands digit of d?
1
Let j = 36 + -31. Suppose -3*q = -2*k